{"id":3407,"date":"2021-03-22T11:30:10","date_gmt":"2021-03-22T02:30:10","guid":{"rendered":"https:\/\/www.takachiho-sc.co.jp\/wordpress\/?page_id=3407"},"modified":"2026-01-19T16:53:57","modified_gmt":"2026-01-19T07:53:57","slug":"earth-plate","status":"publish","type":"page","link":"https:\/\/www.takachiho-sc.co.jp\/wordpress\/products\/earth-plate\/","title":{"rendered":"\u30a2\u30fc\u30b9\u30d7\u30ec\u30fc\u30c8"},"content":{"rendered":"\n<figure class=\"wp-block-image size-full\"><a href=\"https:\/\/www.takachiho-sc.co.jp\/wordpress\/wp-content\/uploads\/earth_plate01.jpg\"><img loading=\"lazy\" decoding=\"async\" width=\"1220\" height=\"550\" src=\"https:\/\/www.takachiho-sc.co.jp\/wordpress\/wp-content\/uploads\/earth_plate01.jpg\" alt=\"\u30a2\u30fc\u30b9\u30d7\u30ec\u30fc\u30c8\" class=\"wp-image-4474\" srcset=\"https:\/\/www.takachiho-sc.co.jp\/wordpress\/wp-content\/uploads\/earth_plate01.jpg 1220w, https:\/\/www.takachiho-sc.co.jp\/wordpress\/wp-content\/uploads\/earth_plate01-500x225.jpg 500w, https:\/\/www.takachiho-sc.co.jp\/wordpress\/wp-content\/uploads\/earth_plate01-768x346.jpg 768w\" sizes=\"auto, (max-width: 1220px) 100vw, 1220px\" \/><\/a><\/figure>\n\n\n\n<p class=\"vk_block-margin-md--margin-top\"><strong>MPL\u30aa\u30d7\u30b7\u30e7\u30f3\u54c1<\/strong><\/p>\n\n\n\n<p class=\"vk_block-margin-md--margin-top\">\u30a2\u30fc\u30b9\u68d2\u3092\u6253\u3066\u306a\u3044\u73fe\u5834\u3067\u3001\u76f4\u63a5\u6cd5\u9001\u4fe1\u3092\u884c\u3046\u969b\u306b\u4f7f\u7528\u3057\u307e\u3059\u3002<br>\u30a2\u30fc\u30b9\u68d2\u306e\u4ee3\u308f\u308a\u306b\u30a2\u30fc\u30b9\u30d7\u30ec\u30fc\u30c8\u3092\u63a5\u7d9a\u3057\u3001\u8def\u9762\u7b49\u306b\u63a5\u89e6\u3055\u305b\u3066\u4f7f\u7528\u3057\u307e\u3059\u3002<\/p>\n\n\n\n<div class=\"wp-block-columns is-layout-flex wp-container-core-columns-is-layout-9d6595d7 wp-block-columns-is-layout-flex\">\n<div class=\"wp-block-column is-layout-flow wp-block-column-is-layout-flow\">\n<figure class=\"wp-block-image size-full\"><a href=\"https:\/\/www.takachiho-sc.co.jp\/wordpress\/wp-content\/uploads\/earth2.jpg\"><img loading=\"lazy\" decoding=\"async\" width=\"650\" height=\"370\" src=\"https:\/\/www.takachiho-sc.co.jp\/wordpress\/wp-content\/uploads\/earth2.jpg\" alt=\"\u30a2\u30fc\u30b9\u30d7\u30ec\u30fc\u30c8\" class=\"wp-image-4607\" srcset=\"https:\/\/www.takachiho-sc.co.jp\/wordpress\/wp-content\/uploads\/earth2.jpg 650w, https:\/\/www.takachiho-sc.co.jp\/wordpress\/wp-content\/uploads\/earth2-500x285.jpg 500w\" sizes=\"auto, (max-width: 650px) 100vw, 650px\" \/><\/a><\/figure>\n<\/div>\n\n\n\n<div class=\"wp-block-column is-layout-flow wp-block-column-is-layout-flow\"><\/div>\n<\/div>\n\n\n\n<p class=\"seihinmei\">\u30a2\u30fc\u30b9\u30d7\u30ec\u30fc\u30c8<\/p>\n\n\n\n<figure class=\"wp-block-table is-style-regular\"><table><tbody><tr><td width=\"170\">\u6750\u8cea<\/td><td>\u30a2\u30eb\u30df<\/td><\/tr><tr><td>\u5bf8\u6cd5<\/td><td>300\u00d7210\u00d73mm\u00d7\uff12\u679a<\/td><\/tr><tr><td>\u8cea\u91cf<\/td><td>\u7d041.0kg<\/td><\/tr><\/tbody><\/table><\/figure>\n\n\n\n<div class=\"wp-block-vk-blocks-button vk_button vk_button-color-custom vk_button-align-block vk_block-margin-md--margin-top\"><a href=\"https:\/\/www.takachiho-sc.co.jp\/wordpress\/products\/\" class=\"vk_button_link btn has-text-color is-style-outline has-vk-color-primary-color btn-md btn-block\" role=\"button\" aria-pressed=\"true\" rel=\"noopener\"><div class=\"vk_button_link_caption\"><span class=\"vk_button_link_txt\"><span data-fontsize=\"21px\" style=\"font-size: 21px;\" class=\"vk_inline-font-size\">\u88fd\u54c1\u4e00\u89a7<\/span><\/span><\/div><\/a><\/div>\n<section class=\"veu_contact veu_contentAddSection vk_contact veu_card veu_contact-layout-horizontal\"><div class=\"contact_frame veu_card_inner\"><p class=\"contact_txt\"><span class=\"contact_txt_catch\"><\/span><span class=\"contact_txt_tel veu_color_txt_key\"><\/span><span class=\"contact_txt_time\">\u3000\u304a\u898b\u7a4d\u4f9d\u983c\u306a\u3069\u304a\u6c17\u8efd\u306b\u304a\u554f\u3044\u5408\u308f\u305b\u304f\u3060\u3055\u3044\u3002<\/span><\/p><a href=\"\/wordpress\/index.php\/contact-form\/\" class=\"btn btn-primary btn-lg contact_bt\"><span class=\"contact_bt_txt\"><i class=\"far fa-envelope\"><\/i> \u304a\u554f\u5408\u305b\u30d5\u30a9\u30fc\u30e0 <i class=\"far fa-arrow-alt-circle-right\"><\/i><\/span><\/a><\/div><\/section>","protected":false},"excerpt":{"rendered":"<p>MPL\u30aa\u30d7\u30b7\u30e7\u30f3\u54c1 \u30a2\u30fc\u30b9\u68d2\u3092\u6253\u3066\u306a\u3044\u73fe\u5834\u3067\u3001\u76f4\u63a5\u6cd5\u9001\u4fe1\u3092\u884c\u3046\u969b\u306b\u4f7f\u7528\u3057\u307e\u3059\u3002\u30a2\u30fc\u30b9\u68d2\u306e\u4ee3\u308f\u308a\u306b\u30a2\u30fc\u30b9\u30d7\u30ec\u30fc\u30c8\u3092\u63a5\u7d9a\u3057\u3001\u8def\u9762\u7b49\u306b\u63a5\u89e6\u3055\u305b\u3066\u4f7f\u7528\u3057\u307e\u3059\u3002 \u30a2\u30fc\u30b9\u30d7\u30ec\u30fc\u30c8 \u6750\u8cea \u30a2\u30eb\u30df \u5bf8\u6cd5 300\u00d7210\u00d73mm\u00d7\uff12\u679a \u8cea [&hellip;]<\/p>\n","protected":false},"author":4,"featured_media":0,"parent":2112,"menu_order":109,"comment_status":"closed","ping_status":"closed","template":"","meta":{"vkexunit_cta_each_option":"","footnotes":""},"class_list":["post-3407","page","type-page","status-publish","hentry"],"_links":{"self":[{"href":"https:\/\/www.takachiho-sc.co.jp\/wordpress\/wp-json\/wp\/v2\/pages\/3407","targetHints":{"allow":["GET"]}}],"collection":[{"href":"https:\/\/www.takachiho-sc.co.jp\/wordpress\/wp-json\/wp\/v2\/pages"}],"about":[{"href":"https:\/\/www.takachiho-sc.co.jp\/wordpress\/wp-json\/wp\/v2\/types\/page"}],"author":[{"embeddable":true,"href":"https:\/\/www.takachiho-sc.co.jp\/wordpress\/wp-json\/wp\/v2\/users\/4"}],"replies":[{"embeddable":true,"href":"https:\/\/www.takachiho-sc.co.jp\/wordpress\/wp-json\/wp\/v2\/comments?post=3407"}],"version-history":[{"count":23,"href":"https:\/\/www.takachiho-sc.co.jp\/wordpress\/wp-json\/wp\/v2\/pages\/3407\/revisions"}],"predecessor-version":[{"id":15888,"href":"https:\/\/www.takachiho-sc.co.jp\/wordpress\/wp-json\/wp\/v2\/pages\/3407\/revisions\/15888"}],"up":[{"embeddable":true,"href":"https:\/\/www.takachiho-sc.co.jp\/wordpress\/wp-json\/wp\/v2\/pages\/2112"}],"wp:attachment":[{"href":"https:\/\/www.takachiho-sc.co.jp\/wordpress\/wp-json\/wp\/v2\/media?parent=3407"}],"curies":[{"name":"wp","href":"https:\/\/api.w.org\/{rel}","templated":true}]}}